
4
Calculate the greatest common factor of 34259190 and 40754.
574
Calculate the highest common divisor of 7800 and 52170.
30
What is the highest common divisor of 52192 and 25760?
224
What is the highest common divisor of 53656491 and 16912?
1057
What is the highest common factor of 41592165 and 1035?
345
Calculate the highest common factor of 54 and 7436259.
27
What is the greatest common factor of 2517187608 and 936?
936
Calculate the greatest common divisor of 2506 and 472066.
14
What is the highest common divisor of 5565 and 186?
3
What is the greatest common divisor of 120649270 and 3920?
490
Calculate the highest common factor of 3229252 and 252148.
676
Calculate the highest common factor of 1738 and 4917750.
158
Calculate the highest common factor of 488276127 and 243.
27
What is the highest common factor of 3367 and 263029?
13
What is the highest common factor of 41370016 and 32?
32
Calculate the highest common divisor of 108783 and 24798495.
4029
Calculate the greatest common divisor of 39209600 and 800.
800
Calculate the highest common factor of 12096 and 20644064.
224
Calculate the greatest common divisor of 29156 and 539509913.
7289
What is the greatest common divisor of 38 and 4731323?
19
Calculate the highest common divisor of 5331 and 163530.
3
What is the greatest common factor of 197834 and 47593?
91
What is the highest common factor of 12750 and 13133775?
1275
Calculate the greatest common divisor of 1460083 and 92972.
2113
What is the greatest common divisor of 12063 and 285137152?
4021
Calculate the greatest common factor of 110 and 5464492.
22
What is the highest common factor of 15118201 and 1743?
581
What is the highest common divisor of 141026064 and 1112?
1112
Calculate the highest common factor of 32 and 6831752.
8
What is the greatest common divisor of 582 and 6197524?
194
Calculate the highest common factor of 142108096 and 104.
104
What is the highest common factor of 168 and 2529192?
24
What is the highest common divisor of 15139789 and 1072?
67
Calculate the highest common divisor of 40186930 and 322.
14
What is the greatest common factor of 1385394 and 1168?
146
What is the highest common divisor of 42 and 100303434?
42
Calculate the highest common divisor of 12 and 86830986.
6
What is the greatest common factor of 830242 and 738418?
3826
What is the greatest common factor of 205462500 and 1500?
1500
Calculate the greatest common divisor of 190060 and 343226.
1118
What is the greatest common factor of 46128 and 940974?
186
Calculate the highest common factor of 14812994 and 147.
49
Calculate the greatest common divisor of 9055 and 46607896.
1811
What is the highest common factor of 93745539 and 828?
207
What is the greatest common divisor of 6714057 and 11655?
777
Calculate the greatest common factor of 7 and 89290.
1
Calculate the greatest common factor of 15921709 and 865.
173
Calculate the highest common factor of 6879660 and 4500.
60
Calculate the highest common divisor of 2601 and 1487340.
9
What is the greatest common divisor of 11255760 and 1215?
1215
Calculate the highest common divisor of 10718 and 982358290.
10718
Calculate the greatest common divisor of 36852583 and 323.
17
What is the highest common factor of 902003 and 278681?
1649
Calculate the highest common factor of 7071 and 41751898.
2357
What is the highest common divisor of 21 and 8866039?
7
Calculate the highest common factor of 672 and 98745528.
168
Calculate the greatest common divisor of 67350410 and 20.
10
Calculate the highest common divisor of 84835634 and 2704.
338
What is the greatest common factor of 278848 and 408?
8
Calculate the greatest common factor of 332 and 2323004.
332
What is the highest common factor of 29 and 133031729?
29
Calculate the highest common factor of 1157 and 4551371.
89
What is the highest common divisor of 39446 and 296986?
326
Calculate the greatest common factor of 815272 and 606.
202
Calculate the greatest common factor of 79 and 187914851.
79
What is the greatest common divisor of 445818 and 2438691?
3327
What is the highest common factor of 112137129 and 6?
3
Calculate the greatest common factor of 256 and 3788297472.
256
Calculate the highest common factor of 20400 and 94200.
600
What is the highest common divisor of 400 and 1441550?
50
Calculate the greatest common factor of 151660116 and 942.
942
What is the highest common divisor of 203928 and 9176?
8
What is the greatest common factor of 32118 and 164226?
606
What is the greatest common factor of 123906706 and 44?
22
Calculate the highest common divisor of 1482 and 423966.
114
What is the highest common factor of 5338 and 3629602?
34
What is the greatest common divisor of 438229 and 55?
11
Calculate the highest common factor of 42 and 4327086.
6
Calculate the highest common factor of 84 and 4273857.
21
Calculate the greatest common factor of 167149155 and 235.
235
What is the greatest common divisor of 332459136 and 8?
8
What is the greatest common divisor of 98872 and 6256?
136
What is the highest common divisor of 1300 and 5057?
13
Calculate the greatest common factor of 62168595 and 31770.
5295
What is the greatest common factor of 207774 and 390082?
238
What is the greatest common divisor of 12360 and 42386560?
4120
What is the greatest common divisor of 29820 and 1283190?
30
Calculate the highest common factor of 41 and 457213960.
41
Calculate the highest common factor of 2115 and 507573210.
705
What is the greatest common divisor of 44975 and 4514205?
1285
What is the highest common factor of 50232 and 137228?
364
What is the highest common divisor of 1370242425 and 75?
75
What is the greatest common factor of 300307484 and 3852?
428
Calculate the greatest common divisor of 5054 and 71326.
38
What is the greatest common factor of 46898371 and 13?
13
Calculate the highest common factor of 75 and 22187400.
75
What is the highest common factor of 1756 and 36555091?
439
Calculate the highest common factor of 13744976 and 4624.
272
What is the highest common factor of 140760 and 2990?
230
What is the highest common divisor of 1338931170 and 45?
45
Calculate the highest common factor of 10598413 and 133.
7
Calculate the highest common factor of 36 and 189129708.
36
Calculate the greatest common factor of 9 and 252509.
1
Calculate the highest common factor of 107370 and 2745.
45
What is the greatest common factor of 5178 and 2246?
2
Calculate the greatest common divisor of 6450 and 160390.
430
What is the highest common factor of 3002 and 1657199?
19
Calculate the highest common divisor of 403569328 and 8328.
2776
What is the greatest common divisor of 774746 and 13874?
14
What is the greatest common factor of 144992 and 7380999?
4531
Calculate the greatest common divisor of 1536 and 145128.
24
What is the highest common factor of 124393356 and 48?
12
What is the highest common factor of 108433691 and 31?
31
Calculate the greatest common divisor of 396322478 and 2191.
313
What is the greatest common factor of 8 and 6168476?
4
Calculate the highest common factor of 1702 and 22275776.
1702
Calculate the highest common factor of 28 and 3314272360.
28
Calculate the greatest common factor of 45 and 31002705.
45
What is the highest common factor of 583641 and 279?
9
Calculate the highest common factor of 2 and 3550080.
2
What is the highest common divisor of 145817112 and 924?
84
What is the highest common factor of 300582 and 1854?
18
What is the greatest common factor of 2987172 and 2091?
51
What is the greatest common factor of 14223600 and 4455?
405
Calculate the highest common divisor of 2037945 and 371.
7
Calculate the highest common divisor of 67102793 and 29563.
1739
What is the highest common factor of 917472 and 319908?
6036
Calculate the highest common factor of 43974 and 1932413.
2443
Calculate the greatest common divisor of 5485968 and 38394.
486
What is the highest common divisor of 497882 and 758483?
583
What is the greatest common factor of 60375 and 2231345?
115
What is the greatest common factor of 3389 and 738802?
3389
What is the highest common divisor of 94 and 1371023464?
94
What is the highest common divisor of 20846534 and 1102?
1102
What is the highest common factor of 2219800 and 4950?
550
What is the highest common divisor